?
318bc09
In base 13, what is -c22212 + -1c?
-c22231
In base 8, what is -3036 - -6671?
3633
In base 15, what is -bb - c04e3?
-c05ae
In base 13, what is 2ccc1 + 21?
30012
In base 6, what is 10 + 2142051121?
2142051131
In base 16, what is -6224 + 2b44?
-36e0
In base 10, what is -6 - 6769021?
-6769027
In base 3, what is 210012 - 1210222?
-1000210
In base 10, what is 5501145 - -5?
5501150
In base 11, what is -a09 + 56850?
55942
In base 3, what is -112022021101 - -1222?
-112022012102
In base 16, what is -7e - 257578?
-2575f6
In base 4, what is -11323312322 - 2203?
-11323321131
In base 12, what is 749 + 13816?
14363
In base 6, what is -3353013 - -15?
-3352554
In base 16, what is 4 - 5ccf3a?
-5ccf36
In base 14, what is -12b - -3a2b?
3900
In base 15, what is 4d8247 - 2?
4d8245
In base 2, what is 111001000 + -100000111110011010000?
-100000111101100001000
In base 3, what is -2 - -120201200222212221?
120201200222212212
In base 9, what is 13102 + -16375?
-3273
In base 7, what is -30 - 21431512?
-21431542
In base 9, what is -53 - 368266?
-368330
In base 5, what is -4 + 1311214402?
1311214343
In base 11, what is 2 + 445115?
445117
In base 5, what is -10 + 41130013?
41130003
In base 11, what is 17453a - 17?
174523
In base 10, what is -448 - -1500382?
1499934
In base 6, what is 532521 + 1332?
534253
In base 4, what is -222 - 33302032303?
-33302033131
In base 2, what is 10101101001001 + 1000010101?
10110101011110
In base 5, what is -20212241 + -44?
-20212340
In base 10, what is -392901 - -22?
-392879
In base 7, what is 4 + -5200414?
-5200410
In base 6, what is -131102 + -100532?
-232034
In base 2, what is 11101100101011001000 - -10?
11101100101011001010
In base 14, what is b07 - 272?
875
In base 8, what is 4 + -1441707016?
-1441707012
In base 6, what is 21 - -5354455?
5354520
In base 5, what is -4424442 + 2443?
-4421444
In base 15, what is -136c + a?
-1362
In base 2, what is 111010110011 - -101001000110?
1100011111001
In base 8, what is -2071005 + 41?
-2070744
In base 11, what is 73 + 11728?
117a0
In base 15, what is -18 - 304702?
-30471a
In base 10, what is -55 - 132776?
-132831
In base 15, what is 2db3b83 - 4?
2db3b7e
In base 10, what is -15901496 + -5?
-15901501
In base 12, what is 2123444 + -9?
2123437
In base 2, what is 11111011011 + 1111011001010100?
1111111000101111
In base 11, what is -21687 - 11?
-21698
In base 15, what is -9513 + -a9?
-95bc
In base 8, what is 127 - -4336?
4465
In base 14, what is 6d + -202dc?
-2026d
In base 6, what is 2432402410 + -3?
2432402403
In base 10, what is -611 - -302?
-309
In base 7, what is -24 + 1323525024?
1323525000
In base 7, what is -12203405 - 64?
-12203502
In base 8, what is 171703 + -12414?
157267
In base 14, what is -5629 - -c46?
-47c3
In base 5, what is -144310342 + 104?
-144310233
In base 11, what is -3351a + -3113?
-36632
In base 11, what is 8a372 + -972?
89500
In base 2, what is 100 - -1000011011010110110010110?
1000011011010110110011010
In base 2, what is -100 + -111010111101111000011011?
-111010111101111000011111
In base 13, what is 15 + 5b66?
5b7b
In base 3, what is 2020221 + -11200101022?
-11121010101
In base 5, what is 21112231130 + 4?
21112231134
In base 12, what is 79b50 - a0?
79a70
In base 6, what is -31 - 52053143?
-52053214
In base 3, what is 10000121121202221 - -100?
10000121121210021
In base 15, what is 10bd - c07a?
-aeac
In base 10, what is 32122 + -210?
31912
In base 10, what is -425032 + 135?
-424897
In base 9, what is -16 - -11521478?
11521462
In base 11, what is 1a881225 + -a?
1a881216
In base 15, what is 79a - -2c927?
2d1c2
In base 11, what is 0 + -1205802?
-1205802
In base 4, what is -12023201223 - 2?
-12023201231
In base 14, what is 4 - -1052ba?
1052c0
In base 11, what is -7615 + 107?
-7509
In base 13, what is -2062c - 3b74?
-244a3
In base 7, what is -5052425 + 15?
-5052410
In base 8, what is 52656753 + 0?
52656753
In base 14, what is -999 - -909?
-90
In base 4, what is 3 - 1331121130301?
-1331121130232
In base 8, what is -33613 + -12775?
-46610
In base 3, what is 10 + 2002212202021010?
2002212202021020
In base 12, what is -591 + 272b?
215a
In base 10, what is 1895886 + 131?
1896017
In base 15, what is c17b - 35c?
bd1e
In base 4, what is -111020 + 1110030230?
1103313210
In base 16, what is -d - -27cf6?
27ce9
In base 7, what is -5554 + -2502652?
-2511536
In base 4, what is 1220 + -2113201010?
-2113133130
In base 15, what is -6bda - -6e3?
-64e7
In base 6, what is -10231022431 - 1?
-10231022432
In base 14, what is -69 + 67154?
670c9
In base 10, what is 21715 + 317?
22032
In base 3, what is 1010211111 + -1000?
1010210111
In base 4, what is -1110231231220 + 11?
-1110231231203
In base 3, what is -10 + -211122220111222?
-211122220112002
In base 16, what is 4 + -6a71413?
-6a7140f
In base 8, what is 2671 + 526?
3417
In base 5, what is -2 - -1442220101?
1442220044
In base 5, what is -3204240310 + -3?
-3204240313
In base 4, what is -112221313 - 1003200?
-113231113
In base 10, what is 392 + -139?
253
In base 3, what is 1121102 + -1010022201?
-1001201022
In base 9, what is -456203116 + 5?
-456203111
In base 13, what is -171838 + -20?
-171858
In base 7, what is 325453 - 3622?
321531
In base 8, what is -27 + 654415?
654366
In base 11, what is -1aa + 31117?
30a18
In base 5, what is -3021400311 - -4?
-3021400302
In base 4, what is 13 + -1223320300?
-1223320221
In base 6, what is 15505 + -14412?
1053
In base 12, what is 3260a7 - -40?
326127
In base 15, what is -178dec7 - -1?
-178dec6
In base 11, what is -a - -4994586?
4994577
In base 6, what is 10 + -215315230?
-215315220
In base 9, what is -608405 + 1?
-608404
In base 2, what is -1011101 + -1101001110010101010000?
-1101001110010110101101
In base 3, what is 111001202010011 - -1?
111001202010012
In base 12, what is -aa - 2408?
-24b6
In base 9, what is -6207428 - -3?
-6207425
In base 7, what is -34635 - 5632?
-43600
In base 2, what is -111101010100100111 + -1000100111110?
-111110011001100101
In base 5, what is -4224134 + 2414?
-4221220
In base 4, what is -20011 + 31313311?
31233300
In base 12, what is -75a + 11546?
109a8
In base 5, what is 10 - 12314320134?
-12314320124
In base 5, what is 202 - -3011134?
3011341
In base 5, what is 10 + -22232041?
-22232031
In base 14, what is 34d227 + -73?
34d194
In base 4, what is 3332131131 - -1313?
3332133110
In base 2, what is -101010001 + -100000000100?
-100101010101
In base 4, what is 222032220 - 12?
222032202
In base 2, what is -100001010000110110010011 - 1111?
-100001010000110110100010
In base 8, what is 215 - 32053042?
-32052625
In base 9, what is 4 - 8813867?
-8813863
In base 10, what is 35 - -138861?
138896
In base 4, what is -10120123102 + 0?
-10120123102
In base 13, what is -4208b - 47?
-42105
In base 3, what is -10121022002101110 + -2?
-10121022002101112
In base 12, what is -78 + -b733?
-b7ab
In base 12, what is -2 - 2304347?
-2304349
In base 14, what is -5a2668 + -48?
-5a26b2
In base 4, what is -12 + -1203220010323?
-1203220011001
In base 7, what is 10 + -1166666066?
-1166666056
In base 16, what is a059fc6 + -5?
a059fc1
In base 7, what is -305336453 - 2?
-305336455
In base 6, what is 15 - -244333552?
244334011
In base 12, what is -53976 + -152?
-53b08
In base 4, what is 12030320 + 1131?
12032111
In base 8, what is -3442457 + -30?
-3442507
In base 15, what is -3181999 - 0?
-3181999
In base 12, what is -28434 + -1899?
-2a111
In base 4, what is 3200330103030 + 2?
3200330103032
In base 6, what is -24303013105 + 0?
-24303013105
In base 12, what is -3 + 50797ab8?
50797ab5
In base 6, what is 33 + -233451?
-233414
In base 3, what is 2221100211 - -1020210?
2222121121
In base 8, what is 465071 + 4064?
471155
In base 12, what is -430 + -8489?
-88b9
In base 5, what is 433024232 + -10?
433024222
In base 2, what is -101 + -11100011110111101110010?
-11100011110111101110111
In base 2, what is -110001101101 + 111110000111111?
110111111010010
In base 15, what is -16b6e + 1ed9?
-14b85
In base 8, what is 2072163 + 31?
2072214
In base 11, what is -82966 + 912?
-82054
In base 9, what is 4522326 + 181?
4522517
In base 12, what is -1b3 - -152a82?
15288b
In base 13, what is 21 + -5c2c?
-5c0b
In base 9, what is -14 + -15011633?
-15011647
In base 3, what is 2200 + 100102101112?
100102111012
In base 7, what is -43104 + -1401?
-44505
I